 j**3 + 10*j**2 + 2*j + 309. Let n be k(-12). Let d(t) be the third derivative of -t**5/60 - t**4/8 + t**3/6 + t**2. Give d(n).
1
Let m(b) = -13*b**3 + 208*b**2 - 19*b + 3. Let d(x) = -3*x**3 + 47*x**2 - 5*x + 1. Let t(i) = 9*d(i) - 2*m(i). Let h = 0 + 6. Give t(h).
-3
Let b(n) = 3*n + 8. Let c(i) be the second derivative of 7*i**3/6 + 35*i**2/2 - 100*i. Let o be c(-6). Give b(o).
-13
Let t(u) = -2*u**3 + 3*u**3 + 142*u - 3*u**2 - 3*u**2 - 292*u + 139*u + 16. Calculate t(7).
-12
Suppose -8*d = -6*d + 10. Let u be (2 - 0) + 4/16*4. Let n(v) = 2*v**2 - 2*v + 6*v**2 - 4*v**2 + v**u + 4. Give n(d).
-11
Let s(w) = -29*w - 41. Let q(t) = -10*t - 8. Let a(n) = -n. Let i(z) = -4*a(z) + q(z). Let x(d) = 11*i(d) - 2*s(d). Calculate x(-4).
26
Let k(s) = -3*s - 44. Let n be k(2). Let l = n + 46. Let q(x) = -x**2 + 3*x + 5. What is q(l)?
-23
Let n(h) = -42*h + 69*h - 2*h**2 + 9*h**2 - 8. Let d(v) = -3*v**2 - 13*v + 4. Let l(m) = -5*d(m) - 2*n(m). Let y = 30 + -41. Calculate l(y).
-4
Let l(v) = 7*v + 3*v**2 - v**2 - 3*v**2. Suppose 4*j - 4*w + 98 = 138, -2*j + 8 = w. What is l(j)?
6
Let h(t) be the third derivative of t**4/24 - 13*t**3/6 - 2*t**2 + 43. Determine h(13).
0
Let z(i) = i**3 - 8*i**2 + 9*i - 2. Let p(u) = 2*u**3 + 25*u**2 + 9*u - 34. Let r be p(-12). Let s be (-9)/(-3*r*(-1)/(-4)). What is z(s)?
-20
Let y(a) = a**3 + 19*a**2 + 32*a - 24. Let c be y(-17). Let i be (-5)/(-2) + c/(-4) + 3. Let m(k) = k**2 - 6. Determine m(i).
3
Let k(a) = -a**3 + 4*a**2 + 2*a + 3. Let y(v) be the second derivative of -3*v**5/20 + v**4/12 - 2*v**3/3 - 3*v**2/2 - 3*v + 6. Let l be y(-1). Give k(l).
-12
Let r be 8940/9 - (-21)/(-63). Let x = r - 995. Let v(w) = w**2 + 2*w + 1. What is v(x)?
1
Let w(q) = -7*q - 3. Suppose 5*t + 330 = 3*l, 4*t - 4*l - 43 = 5*t. Let d = 65 + t. Let k(a) = -7*a - 3. Let r(i) = d*w(i) - 3*k(i). Calculate r(-2).
-11
Let q be (-1 - (-6)/(-2))*-1. Suppose -f + 359 = 5*h - 3*h, 15 = -3*f. Let g(s) = -2*s - 181*s**2 + 3 + 1 + h*s**2 + 1. Determine g(q).
13
Suppose 6*f - 3*f - 291 = 0. Let u = -95 + f. Suppose 0 = -3*g + 4*h - 22, -17*h - 11 = u*g - 16*h. Let w(x) = 3*x + 9. Calculate w(g).
-9
Let z(l) = 4*l**2 - 10477 + 12*l + 10580 - 2*l**2 - 3*l**2. Calculate z(18).
-5
Let r = 21 - 32. Let f = r - -5. Let s(z) = 7*z**3 - 30*z**2 - 32*z - 4. Let y(o) = 15*o**3 - 66*o**2 - 69*o - 8. Let n(a) = -13*s(a) + 6*y(a). Give n(f).
-8
Let u(f) = -5*f - 3. Let j(p) = p**2 - p - 2. Let d(t) = -j(t) + u(t). Suppose 132*i - 24*i = -648. Determine d(i).
-13
Let f(a) = 4*a + 59. Suppose 20*j - 30 + 310 = 0. Calculate f(j).
3
Let q(c) = 19*c + 5*c - 18*c + 8 + 9 + 5*c. Calculate q(-6).
-49
Let h(u) be the third derivative of u**4/8 - u**3/6 + u**2. Let i be ((-45)/7 - -7)*7. Let j be 77/(-22)*i/(-7). Give h(j).
5
Let v be 8/(-3)*3/(-4). Let s(m) = -25 + 26 - 7 + m + 5*m. What is s(v)?
6
Let i(d) = -16*d**2 - 22*d**2 - 20 - 24*d**2 + 60*d**2 + 26*d. Let h(j) = -j**2 + 12*j - 10. Let z(q) = 7*h(q) - 3*i(q). Determine z(7).
-17
Suppose 10 = -2*g + 4*g. Let o(n) = 73*n**3 - 39*n**2 + 11*n + 14. Let r(v) = -21*v**3 + 12*v**2 - 4*v - 5. Let s(x) = -2*o(x) - 7*r(x). Determine s(g).
12
Let m(b) = b**3 + 5*b**2 + 4*b - 5. Suppose 0 = -7*n + 30 - 9. Let a be n + 3*27*2/6. Let q be ((-18)/(-15))/(81/a - 3). Determine m(q).
-5
Let o(j) = 2 - 4911*j**3 + 9827*j**3 - 3*j**2 + 3*j - 4917*j**3. Give o(-4).
6
Let p(f) = -f**3 + 14*f**2 + 3*f + 12. Let v be p(14). Let t = v + -49. Let d(b) = b**3 - 5*b**2 - 3*b + 3. Give d(t).
-12
Let j be 170/(-85) - (-6 - 1*-1). Let l(s) = 22*s - 1. Let p(n) = -37*n + 1. Let v(u) = -10*l(u) - 6*p(u). What is v(j)?
10
Let i(p) = 43 - 8*p + 30 - 112 + 46. Determine i(-2).
23
Let m = 100 + -97. Let t(c) = c**m + 9*c - 4*c**2 + 9*c - 15*c - 2*c**2 - 8. Let i(u) = u**2 - 5*u. Let w be i(6). Calculate t(w).
10
Let d(y) be the first derivative of y**3/3 + 3*y**2/2 + 3*y + 1. Suppose 25*l + 1964 = 7364. Suppose l = 2*g + 224. Give d(g).
7
Let u(w) = -w**2 + 9*w - 11. Suppose 0 = 5*q - i - 907, 11*i - 549 = -3*q + 10*i. Let t be 56/(-6)*(-156)/q. What is u(t)?
-3
Let l be 3/(-2)*(-140)/21. Let g = l + -9. Let h be g/((-117)/18) - 102/13. Let r(d) = d - 1. What is r(h)?
-9
Let w be 2 + (-1)/1 + 1. Let f be (-2 + 13)/11*5. Let z(x) = 15*x**2 + 7 - 11*x**w - f*x**2 + 2*x. Determine z(5).
-8
Let h(m) = -22*m**3 + 2*m + 1. Let a = 106 + -50. Let b(f) = 14 + 3*f + 4 + a. Let r be b(-25). Determine h(r).
21
Let w(u) = -137*u**2 + 4*u + 268 - 3*u - 162 - 104. Calculate w(-1).
-136
Let m(w) = 2*w**2 + 3*w + 211. Let n(r) = -3*r**2 - 4*r - 337. Let z(c) = -8*m(c) - 5*n(c). What is z(5)?
-48
Let n(r) = 6*r - 1. Let o be 20 + 5/((-35)/21). Suppose -2*j = 3*v + 2*v - o, v = j + 2. What is n(v)?
17
Let l(k) = 2*k**2 - 93*k + 38. Let z be 276*(2260/(-120) + 19). Calculate l(z).
-8
Let y(w) = w**3 - w**2 - w + 5. Let k(n) = -15*n - 208. Let q be k(-14). Determine y(q).
7
Suppose 0 = 46*u + 4 + 272. Let i(n) = -3*n**2 - n**3 + 2 - 4*n**2 + 2 - 6*n. Determine i(u).
4
Let q(p) = 20*p + 51. Let v(h) = -61*h - 149. Let z(k) = -17*q(k) - 6*v(k). What is z(-1)?
1
Let j(q) = -q**2 + 7*q - 2. Let i(d) = -d**3 + 13*d**2 + 17*d - 35. Suppose 0 = -6*f - 13 + 97. Let y be i(f). Calculate j(y).
-2
Let v(n) be the second derivative of n**4/12 + 25*n**3/6 + 87*n**2/2 - 36*n + 21. Calculate v(-4).
3
Suppose -4*c + 10 = -14. Let o = -123 + 125. Let v(l) = 4*l**o - 2*l + 9*l - 2*l - 5*l**2. Determine v(c).
-6
Let w(n) = -n**3 - 7*n**2 + 2*n + 11. Let x(f) = -f**2 + 69*f - 775. Let y be x(14). Calculate w(y).
-49
Let d(m) = 2 + 11*m - 8*m**2 + 23 + 0*m**2 + m**3 + 3 - 27. Give d(6).
-5
Let d(z) = 4*z**2 + 6*z + 37. Let q(s) = -5*s**2 + 2*s + 1. Let c(r) = -d(r) - q(r). What is c(11)?
-5
Let a be (0 - 5 - -4) + 24/4. Suppose -4*l - 22 = a*p, 3*l = 4*p + 4*l + 22. Let d(c) = 8*c + 8. Determine d(p).
-40
Let n(i) = -i**2 - 15*i + 38. Let p be n(-16). Suppose 0 = -2*k - 4*q + p, -5*q + 0*q = k - 20. Let o(a) = -a**2 + 4*a + 2. What is o(k)?
-3
Let q(z) = 0*z**2 + z**3 - z**2 + 12*z - 1 - 4*z - 11*z. Let p = -95 + 113. Let k be p/(-45)*(27/(-6) - 3). Give q(k).
8
Let v(i) = 5*i**2 - i - 1. Suppose -4*t = -2*k - 8, k + 4*t - 5 - 9 = 0. Suppose -5*f + 19 + 1 = 0. Let s be (1/k)/((-2)/f). Determine v(s).
5
Let n(c) = -c**2 - 67*c - 1090. Let o be n(-29). Let v(w) = 3 + w**2 - 6 - 11*w - 15 - 1. Give v(o).
-7
Let i(l) = -9*l**2 + 3*l. Let k(w) = w**2 + 37*w + 6. Let d be k(-37). Suppose -d*p = -16 + 4. Give i(p).
-30
Let t be (38 + -47)*4/(-18). Let v(n) = n + 2*n - 2*n**2 - 2*n**2 + t - 4*n + 6*n**2. What is v(-2)?
12
Let x(z) = 3*z + 53. Let c(v) = 11. Let i(b) = 3*c(b) - x(b). What is i(-6)?
-2
Let h(s) = 22964*s**2 + s**3 + 0*s**3 - 1 + 19*s - 22944*s**2. Calculate h(-19).
-1
Let v(g) = g + 7. Let j(r) = -26 + 6 + 15 + 4 + r**2. Let h be j(-1). Determine v(h).
7
Let p be 6/(7/(7/3)). Let y(z) = z**2 - 26 - p*z**2 + 25 - 5*z. Suppose 0 = 4*l + 3*f, f - 11 = 2*l - 1. Determine y(l).
5
Suppose -12 = -3*n - 57. Let o be (-4)/(-4 - 48/n). Let d(a) = 7*a + o - 11*a - 5. What is d(-1)?
4
Let d(j) be the second derivative of -j**4/6 - j**3/2 - 3*j**2/2 - 15*j. Let b(s) = -s**2 + 3*s + 2. Let n be b(4). Give d(n).
-5
Let a(i) = -619*i + 189 - 197 + 615*i. What is a(-9)?
28
Let j = -32 - -148. Let k(n) = 118*n**2 + 3 - 8*n - j*n**2 + 17*n. Determine k(-6).
21
Let g(q) = 7*q. Let r be 2/(-4)*(0 - 14). Suppose 2*d + 9 = r. Determine g(d).
-7
Let f(b) = b**2 - 11*b - 6. Suppose 0 = 20*l - 8*l - 4368. Let v = l - 354. Determine f(v).
-16
Let t(z) be the first derivative of 0*z + 1/360*z**6 - z**3 - 1/15*z**5 + 1/6*z**4 + 0*z**2 - 26. Let a(i) be the third derivative of t(i). Give a(3).
-11
Let w be 1*-6 - (4 - 4). Let h(o) = -6*o + 6 - 79*o**2 - 76*o**2 + 105*o**2 + 49*o**2. Calculate h(w).
6
Let x be 13 - 26 - 20 - -9. Let c(h) = h**2 + 22*h - 46. Determine c(x).
2
Let x be (((-60)/35)/(-12))/((-144)/(-42)). Let f(t) be the third derivative of 0*t + 7/60*t**5 - 14*t**2 + 0 - 1/120*t**6 + x*t**4 + t**3. Give f(7).
13
Let b(t) = -t + 27. Let r(h) = -27*h**2 - 85*h. Let j be r(-3). What is b(j)?
15
Let t(v) be the first derivative of 50 - 3*v**2 - 5/3*v**3 + 8*v + 1/4*v**4. Determine t(6).
8
Suppose -30*p + 37*p = 14. Let c(l) = -1 + 660*l + 3 - l**p - 657*l - 6. Calculate c(1).
-2
Suppose -4*a - 75 = 